)*-2. Suppose 0 = -n + b*t + 681 + 211, 0 = -4*n - 3*t + 3523. Is n a composite number?
False
Let u = 33062 + 35205. Suppose 3*a - 4*d - u = 0, 5*a = a + 3*d + 91025. Is a prime?
False
Let d = -86562 - -154075. Is d prime?
False
Suppose 5*l - 70784 = -3*x, -4*x + l + 75535 = -18882. Suppose 15*j = -x + 68498. Is j a prime number?
False
Let k(u) = 305*u**2 + 36*u - 135. Let t be (4 + 0)*(8 + -7). Is k(t) a prime number?
True
Let b be ((-20)/(-15))/4*6. Suppose -4*q + 18224 = -3*m, 0 = -b*q + 6*m - 5*m + 9110. Is q a prime number?
False
Let c(g) = 1038*g**2 + g - 14. Let b be c(-6). Let d = -22361 + b. Is d prime?
False
Suppose 146*f = 64*f + 6604034. Is f prime?
True
Let x(o) be the second derivative of 171*o**5/20 + o**4/3 - o**3/2 + o**2/2 - 103*o. Is x(3) prime?
False
Let g(m) = 8*m**3 + 15*m**2 - 14*m + 6. Let q be g(8). Let a = -895 + q. Is a a prime number?
False
Let u = -17568 + 32507. Is u a composite number?
False
Let w(t) = -t**3 + 10*t**2 - 7*t - 21. Let n = -216 - -203. Is w(n) a composite number?
True
Let p(g) = 3358*g**2 + 701*g + 14. Is p(-13) prime?
False
Suppose -39*r + 2240 = -11*r. Is (-136660)/(-12) + (r/(-15))/(-8) prime?
False
Let g(a) be the third derivative of 11*a**7/252 + a**6/144 + a**5/4 - 25*a**2. Let q(o) be the third derivative of g(o). Is q(8) composite?
True
Let u(o) = 303*o**2 + 3*o + 1. Let x = 248 + -250. Is u(x) a prime number?
False
Let c(y) = -y**3 + y**2 - y - 10612. Let a be c(0). Let b = 2787 - a. Is b a composite number?
False
Suppose -332*v + 2268900 + 776536 = 0. Is v a prime number?
True
Let t = -23333 - -66100. Is t composite?
False
Suppose -33*g - 661472 = -5*f - 32*g, 0 = -4*f + g + 529177. Is f prime?
False
Suppose -w + 35 = 2*q + 2*w, -4*q + 69 = 5*w. Suppose -4*i + 0*i + q = 0. Suppose i*a - 249 = -3*z, -3*a + 243 + 89 = 4*z. Is z composite?
False
Let p = -2314 + 5366. Suppose -3*y = -4*z + 15452 - p, 4*z + 3*y - 12424 = 0. Is z composite?
True
Let y(r) = 51942*r**2 + 200*r - 933. Is y(5) prime?
True
Let i(w) = w**3 - 10*w**2 + 2*w + 4. Suppose y = -0*y + 15. Is i(y) composite?
True
Let h = 186239 - 4188. Is h composite?
True
Suppose -s - 5062 = -2*v + s, -5*s = 4*v - 10142. Let n = -4393 - -2981. Let q = n + v. Is q composite?
True
Is 6/(-4) + (8832548/(-8))/(-41) a composite number?
False
Let l(j) = 1018*j + 5585. Is l(98) composite?
True
Let j = -341 - -348. Suppose 32*t - 239675 = j*t. Is t prime?
True
Suppose b = 504*c - 503*c + 42039, -5*b = 4*c - 210177. Is b a composite number?
True
Suppose -697 + 17410 = -2*m - y, -33436 = 4*m + 4*y. Let o = 3517 + m. Let w = 148 - o. Is w a prime number?
False
Let p be (-13664)/20*(-5)/2. Is 1*(4 - (5 - p)) composite?
True
Suppose 14 = 4*t - 10. Let o(d) be the second derivative of 3*d**5/4 - 2*d**4/3 + 11*d**3/6 - d**2/2 + 2*d - 356. Is o(t) prime?
False
Suppose -686*b + 676*b + 190610 = 0. Let o = -7750 + b. Is o composite?
False
Suppose o = 5, -5*t - 2*o + 25 = -4*o. Suppose 12*l + t = 13*l. Let i(m) = 31*m - 6. Is i(l) a prime number?
True
Let x = 96447 - 29698. Suppose -x + 6947 = -6*q. Is q a prime number?
True
Suppose 6*r = 3*r + 5718. Suppose -b + 6*l - 1139 = l, -5*b = -5*l + 5735. Let j = r + b. Is j a composite number?
False
Let y(l) = -l + 6. Let g be y(0). Suppose 0 = g*p - 4029 - 3885. Is p composite?
False
Is (814/(-44) - -17) + 252305/2 prime?
True
Let s = -163073 - -267018. Is s composite?
True
Suppose -24*p = 336 - 120. Let h(w) = -78*w - 233. Is h(p) prime?
False
Let v be 3348/5 + 2/5. Let f(a) = 2*a**2 - 5*a - 4. Let t be f(-1). Suppose -v = t*b - 7288. Is b prime?
False
Let b = 39754 - 3090. Suppose -79*f = -87*f + b. Is f prime?
True
Suppose 1715*b - 1733*b = -185742. Is b composite?
True
Let w(q) = -2*q**2 - 16*q + 6. Let u be w(-8). Is (-9526)/(-10) - u*10/(-150) composite?
False
Let a be 4 + (1 - -4) + -3. Let x be 888/(-1*2 - (-18)/a). Suppose 3333 = 15*z + x. Is z a prime number?
True
Let h = -519816 + 990719. Is h a composite number?
False
Suppose -3*h - 1781 = 4*a, -10*a - h + 883 = -12*a. Let s = -1332 - -363. Let u = a - s. Is u a prime number?
False
Let s(u) = 36 + 8*u - u - 9*u. Let r be s(18). Suppose r = -5*i + 2030 + 5355. Is i a composite number?
True
Let a(u) = 14*u + 240. Let s be a(-17). Suppose -5*t + 36779 = s*j, 12*j = 13*j + 3*t - 18388. Is j a prime number?
True
Suppose 2*s + 9 = 3*u - 0*s, 5*u + 4*s = 37. Suppose 5*h = 2*j + 16105, 2*j = u*h - 9*h + 12902. Is h composite?
True
Suppose -7*b = -9*b + 5*l, 29 = 5*b + 2*l. Suppose -w + 5 = b*a, 2*w + 2*w - a = 41. Is 69408/40 - 2/w prime?
False
Suppose -a = -4*f + 47863, -3*f + 12455 + 23466 = 4*a. Is f a prime number?
False
Let c(o) be the second derivative of 7/12*o**4 + o**3 + 1/2*o**2 - 28*o + 0. Is c(6) prime?
False
Suppose 17*k - 20*k = 549. Let p = 401 + k. Suppose -3*j - 5*n = -790, 3*j - p = n + 578. Is j prime?
False
Suppose 26135 = -40*x + 42*x - 3*r, 5*r + 39204 = 3*x. Is x prime?
True
Suppose -40 = -5*a - 4*r, r - 6 - 3 = -a. Let x(m) = -m**2 - 4*m + 3. Let z be x(a). Let b = z - -150. Is b prime?
False
Let i(w) = w**2 - 5*w + 4. Let b be i(4). Suppose b = 2*y + 5*n + 4, y - n + 2 = -5*n. Let t(r) = -25*r**3 + 2*r**2 + r + 3. Is t(y) a composite number?
True
Suppose 10*c - 1565279 = -5*l + 12*c, l - 4*c = 313045. Is l a prime number?
False
Let l(f) = 2*f**2 - 8*f + 7. Let w(o) = -2*o + 43. Let p(i) = 6*i - 128. Let d(n) = 3*p(n) + 8*w(n). Let r be d(12). Is l(r) composite?
False
Is (-3058320)/(-21) + (-864)/672 a composite number?
False
Let a = -53661 + 96922. Is a composite?
False
Let t = 180256 + -29691. Is t composite?
True
Let y(o) = 933*o + 4. Let w be y(-1). Suppose f - 2006 = -2*n, 4*n + 8084 = 4*f - 0*n. Let g = f + w. Is g composite?
False
Let l(n) = n**3 + 6*n**2 - 8*n. Let h be l(-7). Suppose -3*o + 35 - 8 = -3*d, 4*d = -5*o + 9. Is (-1257)/(-1*(h + d)) a prime number?
True
Let y(m) = -856*m - 77. Let c = -164 + 158. Is y(c) a prime number?
True
Suppose -562*b + 532*b = -528420. Is b prime?
False
Let j(y) = 1052*y**3 - 3*y**2 + 2*y - 1. Let i(v) = v**3 - 10*v**2 + 2*v - 18. Let d be i(10). Is j(d) prime?
False
Let u = -2362496 + 3310473. Is u a composite number?
True
Suppose 17*r - 241 - 371 = 0. Suppose r*u - 34*u - 10294 = 0. Is u a prime number?
True
Let b(l) = 4*l - 34. Let n be b(-15). Let g = n - -94. Suppose 2*i - 4 = g, 3*z + 0*i - 1895 = 5*i. Is z a prime number?
False
Suppose 1242*f - 619*f = 620*f + 1330581. Is f a prime number?
False
Let n = 158460 + -51583. Suppose 2073 + n = 25*m. Is m a composite number?
True
Let i = 389 + -386. Suppose 4*c - 5*l - 11771 = 0, i*l + 3*l + 18 = 0. Is c composite?
False
Suppose 3*q = 11*q - 24. Suppose -47 = -q*w - 4*r, 2*w + 2 = 4*r - 0. Suppose 2013 = w*h - 6*h. Is h prime?
False
Is (20/(-6) + 3)/(5/(-1380615)) a composite number?
False
Let s(d) = 5*d**2 + 3*d + 8. Let r be s(-4). Let l = -79 + r. Is (2/l)/(-3*6/36801) composite?
True
Suppose -101*b + 603601 = -77*b + 142753. Is b a composite number?
True
Let u = -14007 + 27596. Is u prime?
False
Let k = -133 - -285. Suppose 5*q + k = q. Let n = 415 + q. Is n composite?
True
Suppose 3*i = 4*j + 268028, -3*i - 2*i = -3*j - 201010. Is -3*(16/(-24))/((-4)/j) prime?
False
Let o(b) = -b**3 - 5*b**2 - 5*b + 16. Let i be (-15)/((36/(-15))/4). Let z = i - 32. Is o(z) a prime number?
True
Let z(k) = -k - 52 + 56 - 34*k**2 + 32*k**2 + 4*k - 102*k**3. Is z(-5) a prime number?
True
Let t(n) = 1 - 12 + 311*n - 242*n. Is t(2) a composite number?
False
Let a(o) = 34*o**3 - 2*o**2 + 8*o + 1. Suppose -52 = -13*k + 26. Is a(k) composite?
False
Suppose 0 = -2*d - 2*z - 430, -d = 2*d - 5*z + 605. Let x be -5*1/2*419412/d. Suppose -x = -3*o + 1220. Is o a prime number?
False
Let p(l) = -5*l**3 - 12*l + 14. Let y(k) = -9*k**3 - k**2 - 23*k + 28. Let q(u) = -11*p(u) + 6*y(u). Let o be 33*(-8)/(-18) + (-7)/(-21). Is q(o) prime?
True
Let q be (-3)/9 + 30/9. Let x be (20/q)/10*(-18)/(-4). Suppose j + x*m = 530, -m + 1207 - 172 = 2*j. Is j prime?
False
Suppose -123*w = -192*w + 20824723 + 9765806. Is w prime?
True
Suppose 2*w + 21 = 5*w. Let t be (155 - 147)*(4/((-16)/(-5)) + -1). Suppose t*u + 2*h = -h + 17, -u + w = 3*h. Is u a composite number?
True
Let r be 92/28 + (-2)/7. Suppose 13 = m - r*b, 1 = 3*m + 5*b + 4. Let a(l) = 320*l - 21. Is a(m) prime?
True
